n factor of 44 and 7452.
4
Calculate the greatest common factor of 1920 and 4380.
60
Calculate the highest common divisor of 84 and 3906.
42
What is the highest common divisor of 10893291 and 151?
151
Calculate the highest common divisor of 216010 and 20.
10
Calculate the greatest common divisor of 14986 and 11557.
127
Calculate the highest common divisor of 153 and 55641.
51
Calculate the highest common factor of 62528 and 64.
64
What is the greatest common divisor of 403 and 3926?
13
Calculate the highest common factor of 1105 and 66105.
65
What is the highest common divisor of 8240 and 26300?
20
Calculate the highest common factor of 681189 and 1541.
67
Calculate the greatest common factor of 181362 and 167.
167
What is the greatest common factor of 4 and 75476?
4
What is the highest common factor of 44 and 116996?
44
Calculate the highest common divisor of 240 and 678390.
30
Calculate the greatest common factor of 2360 and 2714.
118
Calculate the greatest common factor of 35037 and 306.
153
What is the highest common divisor of 136 and 140488?
136
What is the highest common divisor of 92 and 121877?
23
What is the highest common factor of 67183 and 14283?
529
Calculate the greatest common factor of 3218 and 20.
2
Calculate the greatest common divisor of 111 and 1377.
3
What is the greatest common factor of 13690 and 51874?
74
What is the greatest common divisor of 5394 and 2914?
62
What is the highest common divisor of 214 and 47187?
107
Calculate the highest common divisor of 23700 and 83898.
474
Calculate the greatest common divisor of 264 and 55352.
88
Calculate the greatest common factor of 680853 and 186.
93
Calculate the highest common divisor of 121 and 8514.
11
What is the greatest common factor of 7056 and 14928?
48
Calculate the greatest common divisor of 89 and 2480163.
89
Calculate the greatest common divisor of 133 and 2093.
7
Calculate the highest common factor of 195 and 1845.
15
Calculate the highest common divisor of 2583 and 48447.
63
What is the highest common factor of 10 and 76805?
5
What is the greatest common divisor of 31460 and 4532?
44
Calculate the greatest common factor of 39 and 1214967.
39
Calculate the greatest common factor of 36 and 199737.
9
What is the highest common divisor of 462 and 8063?
11
What is the greatest common factor of 1116662 and 68?
34
Calculate the highest common factor of 820 and 2840.
20
Calculate the greatest common divisor of 266 and 312382.
14
What is the greatest common divisor of 559897 and 3211?
169
Calculate the greatest common factor of 1651 and 7202.
13
Calculate the highest common factor of 840 and 49440.
120
Calculate the greatest common divisor of 1027 and 1343.
79
Calculate the greatest common factor of 582 and 5868.
6
What is the highest common factor of 60726 and 174?
174
Calculate the highest common divisor of 76812 and 1776.
444
Calculate the greatest common factor of 29109 and 186.
93
What is the greatest common divisor of 363933 and 81?
81
What is the greatest common factor of 208565 and 21?
7
Calculate the greatest common divisor of 63153 and 5076.
27
What is the highest common factor of 439837 and 1546?
773
What is the highest common divisor of 88 and 87664?
8
What is the greatest common factor of 2890 and 13073?
17
Calculate the highest common divisor of 787505 and 659.
659
What is the highest common factor of 1253 and 7651?
7
Calculate the greatest common factor of 17030 and 5590.
130
Calculate the highest common factor of 777679 and 11298.
1883
What is the greatest common factor of 116232 and 72?
24
What is the greatest common factor of 3927 and 3619?
77
Calculate the greatest common factor of 1600 and 1312.
32
What is the greatest common factor of 196651 and 91?
91
What is the highest common factor of 18 and 675846?
18
Calculate the highest common factor of 761497 and 11.
11
What is the highest common factor of 80 and 1771760?
80
Calculate the greatest common divisor of 3633 and 5397.
21
Calculate the highest common factor of 4617 and 1235.
19
Calculate the highest common divisor of 228 and 19893.
57
What is the greatest common factor of 1476 and 46125?
369
What is the highest common divisor of 1863808 and 128?
128
Calculate the highest common divisor of 17280 and 660.
60
What is the greatest common divisor of 30012 and 25092?
492
Calculate the highest common divisor of 6670486 and 412.
206
Calculate the greatest common divisor of 373562 and 42.
14
What is the highest common divisor of 65772 and 20909?
203
Calculate the greatest common divisor of 228 and 256500.
228
What is the greatest common factor of 868 and 10444?
28
What is the greatest common factor of 481 and 48581?
481
What is the highest common divisor of 161744 and 7348?
44
Calculate the greatest common divisor of 726302 and 2.
2
What is the highest common factor of 140673 and 143?
13
What is the greatest common factor of 365356 and 12128?
1516
What is the highest common divisor of 13731 and 2553?
69
Calculate the highest common factor of 681674 and 966.
322
What is the greatest common divisor of 12 and 1517916?
12
What is the highest common divisor of 108 and 933468?
12
What is the highest common divisor of 12810 and 19398?
366
Calculate the highest common divisor of 516 and 1286646.
258
What is the greatest common divisor of 15 and 95685?
15
Calculate the greatest common divisor of 427 and 732.
61
Calculate the highest common divisor of 13939 and 290089.
263
What is the greatest common divisor of 22101 and 318?
159
What is the highest common divisor of 9 and 133803?
9
Calculate the greatest common divisor of 36 and 9996.
12
Calculate the greatest common divisor of 2262 and 1584531.
1131
What is the highest common factor of 57056 and 32?
32
What is the highest common divisor of 60 and 3842925?
15
Calculate the highest common factor of 2889 and 116523.
963
Calculate the greatest common factor of 487005 and 45.
15
Calculate the greatest common divisor of 5656 and 336.
56
What is the greatest common factor of 1764532 and 2244?
748
Calculate the greatest common factor of 1520 and 401660.
380
What is the greatest common factor of 2506 and 7160?
358
Calculate the highest common factor of 162 and 10312.
2
What is the highest common factor of 3668 and 23492?
28
What is the greatest common divisor of 52048 and 2032?
16
Calculate the highest common factor of 10 and 17070.
10
What is the highest common divisor of 152 and 569696?
152
Calculate the greatest common factor of 25920 and 23490.
810
Calculate the greatest common factor of 41612 and 6464.
404
What is the greatest common divisor of 384904 and 1014?
26
Calculate the greatest common factor of 6895 and 1025976.
1379
What is the greatest common factor of 10320 and 181245?
645
Calculate the highest common divisor of 151956 and 216.
108
What is the highest common factor of 161 and 705801?
23
What is the greatest common divisor of 130 and 390130?
130
What is the greatest common divisor of 117030 and 8695?
235
Calculate the highest common divisor of 21016 and 2516.
148
What is the greatest common factor of 176 and 9493?
11
Calculate the highest common divisor of 22813 and 14.
7
What is the highest common divisor of 63549 and 5175?
207
Calculate the highest common factor of 9990 and 2970.
270
Calculate the greatest common factor of 301 and 3703.
7
What is the greatest common factor of 16236 and 102168?
396
What is the greatest common factor of 65 and 40345?
5
What is the greatest common divisor of 13797 and 42?
21
Calculate the highest common divisor of 211 and 196652.
211
What is the greatest common divisor of 95 and 1309575?
95
Calculate the greatest common divisor of 68884 and 731.
17
Calculate the greatest common divisor of 4576 and 429.
143
What is the greatest common divisor of 576045 and 119?
17
What is the greatest common divisor of 38599 and 29?
29
Calculate the greatest common factor of 495960 and 240.
120
Calculate the greatest common divisor of 81 and 71847.
81
Calculate the highest common factor of 239 and 5975.
239
What is the highest common divisor of 159160 and 310?
10
Calculate the highest common factor of 2 and 4006.
2
Calculate the highest common divisor of 72 and 10824.
24
What is the highest common factor of 559 and 35243?
13
Calculate th